- 147. What is the remainder when 662 is divided by w?
14
Suppose -8*x + 100 = -3*x. Suppose 4*w + 622 = 2*t, -27*t + 463 = -3*w - 22*t. Calculate the remainder when 46 is divided by 5/25 - w/x.
6
Let x = 137697 + -137694. Let h = -3 + 12. Calculate the remainder when h is divided by x.
0
Let y(d) = 73*d**2 - 28 - 4*d - 27 + 52. Let n(f) = -52*f + 186. Calculate the remainder when y(-2) is divided by n(3).
27
Let b be 2/6 - (996/(-36) + -12). Suppose -2*j - 121 = -5*l, -26*l + 24*l - 2*j = -b. Calculate the remainder when l is divided by 3.
2
Suppose -365*z + 355*z = -120. Calculate the remainder when 3006 is divided by z.
6
Let k = -18 - -33. Suppose -2*h + 11*h - 117 = 0. What is the remainder when h is divided by -2*(-9)/k*5?
1
What is the remainder when 78 is divided by 1/1*(3/8 + 36725/904)?
37
Suppose -1895 = -5*f + 5*i, -55*f + 58*f - 2*i - 1133 = 0. Calculate the remainder when f is divided by 27.
24
Let d be -33*(-1 + 0/3). Suppose 2*z = 5*z - d. Let c(g) = 4*g**2 - 40*g - 43. What is the remainder when c(12) is divided by z?
9
Let x(g) be the second derivative of -g**4/12 + 11*g**3/3 - 101*g**2/2 - 6*g + 2. What is the remainder when x(11) is divided by 6?
2
Suppose -4*h - 3*f = -2, 0 = -3*h + 6*f - 3*f + 12. Suppose -20 = v - h*v. Let g = 1002 + -964. What is the remainder when g is divided by v?
18
Let u(d) = -d + 1. Let m be u(-1). Suppose m*b - 27 = -5*f, 0 = -5*b + 2*f - 0*f + 82. Let c = b - 6. What is the remainder when 89 is divided by c?
9
Suppose 17 = f + 27. What is the remainder when 89 is divided by f*(30/(-12) - 2)?
44
Let s(r) = 27*r**2 - 3*r. Let x be s(1). What is the remainder when -177*(x/9)/(-4) is divided by 10?
8
What is the remainder when 519 is divided by (-20)/8*((-4134)/65 + 4)?
72
Let h be 6/3 + 2 + 0. Let k be -4 - (13 + 4/h). What is the remainder when 52 is divided by -4 - k - (2 - 6/3)?
10
Let b(k) = 408*k - 63. Let g be b(6). Suppose 0 = -7*h + 22*h - g. Calculate the remainder when h is divided by 20.
19
Suppose 80*r - 1037 = 1410 - 207. What is the remainder when 9572 is divided by r?
24
Let a be (560/(-30))/(-14) - (-2)/3. Suppose a*z - 50 = -k, k - 3*z - 65 = -k. What is the remainder when 49 is divided by k?
9
Let o(p) = 3*p**2 - 236*p + 3768. Calculate the remainder when o(19) is divided by 97.
76
Let j(n) = n**2 - 2*n - 1. Suppose 233908*s - 233955*s + 4324 = 0. What is the remainder when s is divided by j(5)?
8
Suppose 0 = 4*y + c - 209, -327 = -5*y - 3*c - 64. What is the remainder when y is divided by (54/2)/(-11 + 12)?
25
Suppose 132 = -r + 188. What is the remainder when 2113 is divided by r?
41
Let x(k) = 55*k**2 + 240*k - 4. What is the remainder when x(-6) is divided by 18?
14
Suppose 2*p - 6 = -4*n, 2*n = 99 - 107. What is the remainder when 689 is divided by p?
7
Let k = 5436 + -5084. What is the remainder when k is divided by 177?
175
Suppose -4*r + 328 = 2*g, -5*g + 324 + 22 = 4*r. Calculate the remainder when r is divided by 25.
4
Suppose -40*r - 5*r = -675. Calculate the remainder when 2023 is divided by r.
13
Let r = -93 + 549. Let u = r - 305. Calculate the remainder when u is divided by 11.
8
Suppose -15*l = -16*l + 3. Suppose -l*g = -559 + 196. Calculate the remainder when g is divided by 65.
56
Let k = -106 + 43. Let r = 31 - k. What is the remainder when r is divided by 48?
46
Let x(a) = a**2 - 68*a + 1050. What is the remainder when 99 is divided by x(23)?
9
Let v = 2 + 8. Suppose -v*f - 6 = -8*f. Calculate the remainder when f*125/10*-2 is divided by 11.
9
Let j(a) = a - 572. Let y be j(56). Let i = y + 734. Calculate the remainder when i is divided by 22.
20
Let m(i) = 3*i**2 + 2*i - 43. Let s(o) = -5*o**2 - 3*o + 65. Let d = -39 - -31. Let r(z) = d*m(z) - 5*s(z). Calculate the remainder when r(-9) is divided by 14.
11
Let f(z) = 43*z**2 + 174*z + 14. What is the remainder when 54 is divided by f(-4)?
0
Let g = -1399 - -1659. Calculate the remainder when g is divided by 37.
1
Let m(t) = -t**3 + 10*t**2 + 65*t - 530. Calculate the remainder when 1764 is divided by m(8).
112
Let w(x) = 2*x**2 + 9*x - 10. Let r(v) = 67*v**2 - 2*v + 1. Let z be r(1). Suppose -3*p = 8*p + z. What is the remainder when 28 is divided by w(p)?
4
Let c be 0*(3 - 14/4). Suppose -4*a + 47 + 17 = c. Suppose -2*l = 5*i - 50, i = -2*l + 55 + 3. What is the remainder when l is divided by a?
14
Suppose 3*t + 3*w = 60, -38*w + 33*w - 20 = 0. What is the remainder when 126 is divided by t?
6
Suppose -2*i + 186 = 5*l, -5*l - 8*i = -12*i - 168. What is the remainder when 241 is divided by 1/(-1) - (-828)/l?
21
Let c = 760 - 755. Suppose 2*r = 5*r - 3. What is the remainder when c is divided by r?
0
Let w(d) = 4*d + d + 2*d**2 - 3*d - d**2. Let l(n) = n**3 - 2*n**2 - 2*n + 2. Calculate the remainder when l(3) is divided by w(1).
2
Let b = -812 + 837. Calculate the remainder when 357 is divided by b.
7
Suppose -18*m = -5122 - 170. Calculate the remainder when m is divided by 43.
36
Let w be 10/(-2)*(-11 - (-156)/15). Suppose 0 = -3*s - 5*i + 426, -w*s + 8*s + i - 732 = 0. Calculate the remainder when s is divided by 17.
11
Let c = 32153 - 32138. Suppose -4*d + 8*v + 261 = 3*v, 2*v - 108 = -2*d. What is the remainder when d is divided by c?
14
Let u(p) = 53*p + 22. Let t(d) = 15*d + 210. Let n be t(-14). What is the remainder when 237 is divided by u(n)?
17
Suppose -7*p + 2227 = -4493. Suppose 6*f + p = 11*f. Calculate the remainder when f/9 - 12/(-18) is divided by 13.
9
Let p be (-8)/20 + (-5)/(25/(-157)). Let w = 13 + p. Calculate the remainder when w is divided by 15.
14
Suppose s - 4*g - 35 = -11, 5*g + 20 = 0. Suppose 0*w = 2*w + s, 3*w + 172 = v. Let d = v + -105. What is the remainder when d is divided by 29?
26
Let m = 10718 - 9237. Calculate the remainder when m is divided by 32.
9
Suppose -2*v - 5*u = -3707, -17*v - 2*u + 3722 = -15*v. What is the remainder when v is divided by 37?
16
Suppose -5 = 7*j - 26. Suppose 5 + 10 = j*r. Calculate the remainder when 21 is divided by r.
1
Suppose 1877*s + 301878 = 2063*s. Calculate the remainder when s is divided by 20.
3
Let l = 42 - 4. Suppose 2*m + 2*c = 24, -5*m + 346 = 25*c + 6*c. What is the remainder when l is divided by m?
0
Let i = 346 + -68. Suppose 0 = -2*r - 6, -2*x - 5*r + 51 = 4. Calculate the remainder when i is divided by x.
30
Let m = 542 - 539. Let z be (-20)/((3 - 4)/8). Suppose m*h - z = 257. What is the remainder when h is divided by 14?
13
Let g(c) = -c**2 + 37*c - 91. Calculate the remainder when 161 is divided by g(4).
38
Suppose 0 = -3*a - 9, 12 = 4*u - 4*a - 56. What is the remainder when u is divided by (-10)/30*(-9 + 0)?
2
Calculate the remainder when (4986/(-1939))/((-4)/(1400/6)) is divided by 128.
22
What is the remainder when 607 is divided by (-12)/(-231)*7/2 - 318/(-66)?
2
Suppose -4*g - 2 = -10. What is the remainder when 100 is divided by -7 + g + 7 - -33?
30
Let i(d) = 14*d. Let s be 6 - 1*(-4 - -3). What is the remainder when i(s) is divided by 2180/110 + 2/11?
18
Let j = -5556 + 6576. Calculate the remainder when j is divided by 6.
0
Suppose -1940*a - 663 = -3*p - 1935*a, p - 4*a = 235. What is the remainder when 1083 is divided by p?
28
Let l(g) = g**2 - 45*g - 3. Let y(s) = 5*s + 1. Let j(a) = -l(a) - 4*y(a). What is the remainder when j(7) is divided by 42?
41
Let k be 2/(-3 + (-2945)/(-985)) + -2. Let l = 304 + k. What is the remainder when l is divided by 53?
52
Suppose 3*z - 33*a = -29*a + 1604, 2*a = 4*z - 2142. Let f = 552 - z. What is the remainder when 54 is divided by f?
6
Suppose -84*x + 89*x - 7892 = 3*f, 0 = 2*x - 5*f - 3134. What is the remainder when x is divided by 66?
64
Calculate the remainder when (1234/4 - -1) + 1/2 is divided by 103.
1
Suppose 5*t - 70 = -9*t. Suppose o - 64 = -t*c, -4*o - 3*c = -0*o - 205. Calculate the remainder when o is divided by 26.
23
Let l(m) = -98*m - 59. Calculate the remainder when 94 is divided by l(-1).
16
Suppose 82 = -2*f + 4*f. Suppose 3*l - 29 - 37 = -3*x, 2*x = -l + 40. Let g = f - x. What is the remainder when g is divided by 12?
11
Calculate the remainder when (-8392)/(-44) - 57/(-209) is divided by 22.
15
Suppose 8 = b + 3*b. Let a = -28300 - -28323. What is the remainder when ((-2)/4)/(b/(-364)) is divided by a?
22
Let f(s) = -87*s - 151. Let q(o) = -3*o**3 